{"id":3,"date":"2021-11-19T14:13:38","date_gmt":"2021-11-19T14:13:38","guid":{"rendered":"https:\/\/www.allotaxivs.ch\/chablais\/?page_id=3"},"modified":"2023-02-24T07:40:28","modified_gmt":"2023-02-24T07:40:28","slug":"mentions-legales","status":"publish","type":"page","link":"https:\/\/www.allotaxivs.ch\/chablais\/mentions-legales\/","title":{"rendered":"Mention l\u00e9gales"},"content":{"rendered":"\n<figure class=\"wp-block-image size-full\"><img loading=\"lazy\" decoding=\"async\" width=\"300\" height=\"100\" src=\"https:\/\/www.allotaxivs.ch\/chablais\/wp-content\/uploads\/2022\/11\/Logo-h2.png\" alt=\"Allo Taxi\" class=\"wp-image-5170\"\/><figcaption class=\"wp-element-caption\">Pour toutes vos destinations en plaine et montagne<\/figcaption><\/figure>\n\n\n\n<figure><table><tbody><tr><td style=\"text-align:left;padding-left:15px;\">Adresse principale<\/td><td style=\"text-align:left;padding-left:15px;\">Table des mati\u00e8res<\/td><\/tr><tr><td style=\"text-align:left;padding-left:15px;\"><a href=\"https:\/\/www.allotaxivs.ch\/chablais\"><strong>Allo Taxi S\u00e0rl.<\/strong><\/a><br><a href=\"https:\/\/www.google.ch\/maps\/place\/Chem.+de+Boson+62,+1897+Port-Valais\/@46.344195,6.882054,13z\/data=!4m5!3m4!1s0x478e9917b4db1e09:0xa6a85982d3dfcac8!8m2!3d46.3600971!4d6.8788906\">Route de Boson 62<\/a>,<br><a href=\"https:\/\/www.google.ch\/maps\/place\/Chem.+de+Boson+62,+1897+Port-Valais\/@46.344195,6.882054,13z\/data=!4m5!3m4!1s0x478e9917b4db1e09:0xa6a85982d3dfcac8!8m2!3d46.3600971!4d6.8788906\">1897 Les Evouettes (VS), Suisse<\/a><br><a href=\"tel:0041272038457\">T\u00e9l: <\/a><a href=\"tel:0041273062060\" target=\"_blank\" rel=\"noreferrer noopener\">+ <\/a><a href=\"tel:0041786321897\">41 78 632 18 97<\/a><br><a href=\"mailto:info@allotaxivs.ch\">info@allotaxivs.ch<\/a><br>Registre du commerce: CHE-272.803.275<strong> <\/strong><\/td><td style=\"text-align:left;padding-left:15px;\"><a href=\"#link1\">1. D\u00e9claration de <\/a><a href=\"#link1\">confidentialit\u00e9<\/a><br><a href=\"#link2\">2. Traitement des donn\u00e9es personnelles<\/a><br><a href=\"#link3\">3. Les donn\u00e9es que nous pr\u00e9levons directement<\/a><br><a href=\"#link4\">4. Donn\u00e9es collect\u00e9es par des services tiers<\/a><br><a href=\"#link5\">5. Vos droits en tant qu\u2019utilisateur de notre site<\/a><br><a href=\"#link6\">6. Responsabilit\u00e9<\/a><\/td><\/tr><\/tbody><\/table><\/figure>\n\n\n\n<div id=\"link1\" style=\"position: absolute; margin-top: -20px;\"> <\/div>\n<p class=\"wow fadeInUp\" style=\"text-align: justify;\"><strong>1. D\u00e9claration de confidentialit\u00e9<\/strong><br>La d\u00e9claration de confidentialit\u00e9 suivante s\u2019applique lors de l\u2019utilisation de ce site Web. Il est possible d\u2019utiliser notre site Web sans indiquer de donn\u00e9es personnelles. Dans le cas o\u00f9 vous souhaiteriez utiliser un service pr\u00e9cis de notre entreprise via notre site Web, il est cependant possible que nous devions traiter vos donn\u00e9es personnelles. Ce site Web est soumis \u00e0 la loi f\u00e9d\u00e9rale sur la protection des donn\u00e9es (LPD)\n(https:\/\/www.admin.ch\/opc\/fr\/classified-compilation\/19920153\/index.html) et respecte les aspects principaux du r\u00e8glement g\u00e9n\u00e9ral sur la protection des donn\u00e9es (RGPD) (ref: https:\/\/www.edoeb.admin.ch\/edoeb\/fr\/home\/documentation\/bases-legales\/Datenschutz%20-%20International\/DSGVO.html) de l\u2019Union europ\u00e9enne (UE). Nous nous effor\u00e7ons d\u2019assurer la s\u00e9curit\u00e9 de vos donn\u00e9es dans le cadre des lois applicables en mati\u00e8re de protection des donn\u00e9es et des possibilit\u00e9s techniques. Nous transmettons g\u00e9n\u00e9ralement vos donn\u00e9es personnelles sous forme crypt\u00e9e. Nous utilisons le syst\u00e8me de cryptage SSL (Secure Socket Layer), mais souhaitons attirer votre attention sur le fait que la transmission de donn\u00e9es sur Internet (par ex. lors de la communication par e-mail) peut pr\u00e9senter des failles de s\u00e9curit\u00e9.<br>Cette d\u00e9claration de confidentialit\u00e9 sera mise \u00e0 jour au fur et \u00e0 mesure afin de s\u2019adapter aux exigences l\u00e9gales et aux services propos\u00e9s. La d\u00e9claration de confidentialit\u00e9 actuelle s\u2019applique. Les modifications entrent en vigueur d\u00e8s leur publication sur le site.<\/p><\/p>\n\n\n\n<p><div id=\"link2\" style=\"position: absolute; margin-top: -10px;\"> <\/div>\n<p class=\"wow fadeInUp\" style=\"text-align: justify; margin-top: 30px;\"><strong>2. Traitement des donn\u00e9es personnelles.<\/strong><br>Notre site Web permet de s\u2019inscrire \u00e0 diff\u00e9rents services en fournissant certaines donn\u00e9es personnelles. Ces donn\u00e9es personnelles sont en g\u00e9n\u00e9ral transmises \u00e0 partir du masque de saisie utilis\u00e9 pour l\u2019inscription, \u00e0 l\u2019entit\u00e9 responsable du traitement des donn\u00e9es. Les donn\u00e9es personnelles sont toutes les informations qui se rapportent \u00e0 une personne sp\u00e9cifique ou identifiable. Ce sont par exemple, les noms, adresses, adresses e-mail ou num\u00e9ros de t\u00e9l\u00e9phone d\u2019une personne. Nous pouvons traiter ces informations personnelles. Le terme traitement d\u00e9signe toute op\u00e9ration ou s\u00e9rie d\u2019op\u00e9rations avec ou sans l\u2019aide de processus automatis\u00e9s en relation avec les donn\u00e9es personnelles comme la collecte, la saisie, l\u2019organisation, le classement, la sauvegarde, l\u2019adaptation ou la modification, le tri, la consultation, la divulgation par transmission, la diffusion ou toute autre forme de mise \u00e0 disposition, la comparaison ou l\u2019association, la restriction, la suppression ou la destruction. Les donn\u00e9es personnelles que vous saisissez seront collect\u00e9es et stock\u00e9es uniquement pour un usage interne par le responsable du traitement des donn\u00e9es et \u00e0 des fins propres. D\u00e8s que cela est possible, nous anonymisons les donn\u00e9es. Anonymiser des donn\u00e9es signifie qu\u2019il n\u2019est pas possible d\u2019identifier la personne concern\u00e9e \u00e0 partir de celles-ci. La dur\u00e9e de conservation des donn\u00e9es personnelles d\u00e9pend de la p\u00e9riode de r\u00e9tention d\u00e9finie par la loi. Une fois la p\u00e9riode \u00e9coul\u00e9e, les donn\u00e9es personnelles concern\u00e9es seront syst\u00e9matiquement effac\u00e9es, dans la mesure o\u00f9 elles ne sont plus n\u00e9cessaires \u00e0 l\u2019ex\u00e9cution ou \u00e0 la pr\u00e9paration d\u2019un contrat.<\/p><\/p>\n\n\n\n<p><div id=\"link3\" style=\"position: relative; top: -10px;\"> <\/div>\n<p class=\"wow fadeInUp\" style=\"text-align: justify; margin-top: 30px;\"><strong>3. Les donn\u00e9es que nous pr\u00e9levons directement<\/strong><br>Dans le cadre de l\u2019utilisation de notre site Web et des services qui y sont li\u00e9s, les donn\u00e9es suivantes peuvent \u00eatre collect\u00e9es:<\/p><\/p>\n\n\n\n<p><p class=\"wow fadeInUp\" style=\"text-align: justify;\">3.1 Formulaires de demande<br>Lorsque vous \u00eates int\u00e9ress\u00e9 par une offre vous pouvez faire une demande gr\u00e2ce \u00e0 un formulaire. Les donn\u00e9es transmises par le biais de la demande le sont \u00e0 partir du masque de saisie utilis\u00e9. Vos donn\u00e9es peuvent \u00eatre saisies manuellement dans un logiciel tiers ou import\u00e9es gr\u00e2ce \u00e0 une interface. Gr\u00e2ce aux donn\u00e9es sauvegard\u00e9es, il est possible que nous trouvions d\u2019autres offres qui correspondent \u00e0 vos crit\u00e8res. L\u2019identification d\u2019offres pertinentes peut \u00eatre faite manuellement ou \u00e0 l\u2019aide d\u2019un logiciel. Vous pouvez \u00eatre inform\u00e9 de ces offres par e-mail, par courrier postal ou par t\u00e9l\u00e9phone. Vous pouvez \u00e0 tout moment vous d\u00e9sabonner de ces services.<\/p><\/p>\n\n\n\n<p><p class=\"wow fadeInUp\" style=\"text-align: justify;\">3.2 Cr\u00e9ation d\u2019un profil de recherche<br>Les utilisateurs de notre site Web ont la possibilit\u00e9, gr\u00e2ce \u00e0 un formulaire, d\u2019enregistrer un profil de recherche. Un profil de recherche vous permet de partager vos pr\u00e9f\u00e9rences en mati\u00e8re de recherche. Les donn\u00e9es personnelles renseign\u00e9es lors de la cr\u00e9ation du profil le sont \u00e0 partir du masque de saisie utilis\u00e9. Les donn\u00e9es personnelles obtenues lors de la cr\u00e9ation du profil de recherche sont utilis\u00e9es exclusivement pour trouver des offres pertinentes. Les donn\u00e9es transmises peuvent \u00eatre saisies manuellement dans un logiciel tiers ou import\u00e9es gr\u00e2ce \u00e0 une interface. Si vos crit\u00e8res de recherche correspondent \u00e0 un bien immobilier, nous pourrons vous en informer par e-mail, par courrier postal ou par t\u00e9l\u00e9phone. Nous pouvons \u00e9galement vous contacter p\u00e9riodiquement pour mettre \u00e0 jour vos donn\u00e9es personnelles en rapport avec votre profil de recherche. Vous pouvez \u00e0 tout moment d\u00e9sactiver temporairement ou supprimer d\u00e9finitivement votre profil de recherche.<\/p><\/p>\n\n\n\n<p><p class=\"wow fadeInUp\" style=\"text-align: justify;\">3.3 Inscription \u00e0 la newsletter<br>Vous avez la possibilit\u00e9, gr\u00e2ce \u00e0 un formulaire ou par e-mail, de vous inscrire \u00e0 la newsletter de notre entreprise. Lorsque c\u2019est possible, nous envoyons un e-mail de confirmation (proc\u00e9dure de double confirmation) \u00e0 l\u2019adresse renseign\u00e9e lors de l\u2019inscription \u00e0 la newsletter. Nous nous effor\u00e7ons d\u2019utiliser un logiciel qui garantit une protection des donn\u00e9es en conformit\u00e9 avec la l\u00e9gislation pour l\u2019envoi des newsletters.<br>Vous pouvez \u00e0 tout moment vous d\u00e9sabonner de la newsletter. Chaque newsletter contient un lien pour se d\u00e9sabonner. Si le lien n\u2019est pas pr\u00e9sent, nous vous prions de le signaler au responsable de la protection des donn\u00e9es de notre site Web. Notre newsletter peut contenir un pixel espion. Un pixel espion est une tr\u00e8s petite image num\u00e9rique qui est plac\u00e9e dans ces e-mails et qui permet l\u2019enregistrement et l\u2019analyse des fichiers journal. Par ce biais, il est possible de faire une analyse statistique du succ\u00e8s ou de l\u2019\u00e9chec d\u2019une campagne de marketing en ligne. L\u2019analyse peut \u00eatre anonyme ou faire r\u00e9f\u00e9rence \u00e0 des donn\u00e9es personnelles.<\/p><\/p>\n\n\n\n<p><p class=\"wow fadeInUp\" style=\"text-align: justify;\">3.4 Collecte de donn\u00e9es lors de candidatures<br>Nous pouvons collecter et traiter les donn\u00e9es personnelles des candidats dans le but de traiter les candidatures. Le traitement peut \u00e9galement se faire par voie \u00e9lectronique. C\u2019est g\u00e9n\u00e9ralement le cas lorsqu\u2019un candidat remplit et nous transmet le formulaire de candidature par voie \u00e9lectronique par exemple par e-mail ou gr\u00e2ce au formulaire qui se trouve sur le site Web.<\/p><\/p>\n\n\n\n<div id=\"link4\" style=\"position: absolute; margin-top: -10px;\"> <\/div>\n<p class=\"wow fadeInUp\" style=\"text-align: justify; margin-top: 30px;\"><strong>4. Donn\u00e9es collect\u00e9es par des services tiers<\/strong><br>Afin d\u2019am\u00e9liorer continuellement la qualit\u00e9 de nos services, nous utilisons les technologies suivantes sur notre site Web.<\/p>\n\n\n\n<p><p class=\"wow fadeInUp\" style=\"text-align: justify;\">4.1 Utilisation de cookies<br>Dans certains cas, nous pouvons avoir recours \u00e0 des cookies. Gr\u00e2ce \u00e0 ces cookies, nous pouvons optimiser les informations et les offres de notre site Web en fonction de l\u2019utilisateur. Les cookies nous permettent de reconna\u00eetre un utilisateur de notre site Web. Le but de cette reconnaissance est de rendre la navigation sur notre site Web plus facile pour l\u2019utilisateur. Vous pouvez \u00e0 tout moment emp\u00eacher la mise en place de cookies sur notre site Web gr\u00e2ce aux param\u00e8tres de votre navigateur web et ainsi emp\u00eacher durablement l\u2019utilisation de cookies.<\/p><\/p>\n\n\n\n<p><p class=\"wow fadeInUp\" style=\"text-align: justify;\">4.2 Utilisation de Google Analytics<br>Google Analytics est un service d\u2019analyse web. Notre analyse web comporte la collecte anonyme, le rassemblement et l\u2019analyse de donn\u00e9es des comportements des utilisateurs du site Web. Un service d\u2019analyse web recense entre autres des donn\u00e9es telles que: de quels sites arrivent les utilisateurs, quelles pages du site sont consult\u00e9es et \u00e0 quelle fr\u00e9quence ou combien de temps les utilisateurs visitent une page. Afin de collecter ces informations, Google Analytics utilise des cookies. Vous pouvez \u00e0 tout moment emp\u00eacher l\u2019utilisation des cookies sur notre site Web, comme indiqu\u00e9 ci-dessus, gr\u00e2ce au r\u00e9glage des param\u00e8tres dans votre navigateur web.<\/p><\/p>\n\n\n\n<p><p class=\"wow fadeInUp\" style=\"text-align: justify;\">4.3 Utilisation de biblioth\u00e8ques de scripts<br>Afin d\u2019afficher correctement le contenu, nous utilisons des biblioth\u00e8ques de scripts et de polices d\u2019\u00e9critures (par ex., Google Webfonts). L\u2019utilisation de ces biblioth\u00e8ques de scripts et de polices d\u2019\u00e9critures a pour effet de cr\u00e9er une connexion avec le fournisseur de biblioth\u00e8ques. Il est possible que l\u2019exploitant de la biblioth\u00e8que obtienne des donn\u00e9es gr\u00e2ce \u00e0 cette connexion.<\/p><\/p>\n\n\n\n<p><p class=\"wow fadeInUp\" style=\"text-align: justify;\">4.4 Utilisation de Google Maps<br>Nous utilisons une interface pour visualiser les donn\u00e9es g\u00e9ographiques de Google et les informations g\u00e9o-localis\u00e9es. \u00c0 cette occasion, les donn\u00e9es d\u2019utilisation de la fonction carte seront enregistr\u00e9es et utilis\u00e9es par Google. Pour en savoir plus sur l\u2019utilisation de vos donn\u00e9es par Google, veuillez consulter la politique d\u2019utilisation des donn\u00e9es de Google.<\/p><\/p>\n\n\n\n<p><p class=\"wow fadeInUp\" style=\"text-align: justify;\">4.5 Utilisation de plug-ins sociaux<br>Nous utilisons sur notre site diff\u00e9rents plug-ins sociaux de diff\u00e9rents fournisseurs de r\u00e9seaux sociaux. Par le biais de ces plug-ins, certaines informations, notamment certaines informations personnelles, peuvent \u00eatre utilis\u00e9es par les r\u00e9seaux sociaux correspondants. Si une personne est connect\u00e9e \u00e0 un r\u00e9seau social pendant qu\u2019elle visite notre site Web, il est possible que des donn\u00e9es personnelles soient transmises. Nous n\u2019avons aucune influence sur la nature des donn\u00e9es utilis\u00e9es. De notre c\u00f4t\u00e9, nous n\u2019enregistrons aucune donn\u00e9e personnelle en rapport avec les plug-ins sociaux. Pour en savoir plus sur la collecte, le traitement et l\u2019utilisation des donn\u00e9es personnelles par les r\u00e9seaux sociaux, veuillez consulter leur politique de confidentialit\u00e9 respective.<\/p><\/p>\n\n\n\n<div id=\"link5\" style=\"position: absolute; margin-top: -10px;\"> <\/div>\n<p class=\"wow fadeInUp\" style=\"text-align: justify; margin-top: 30px;\"><strong>5. Vos droits en tant qu\u2019utilisateur de notre site<\/strong><br>Conform\u00e9ment \u00e0 la loi applicable, vous avez les droits suivants concernant vos donn\u00e9es personnelles. Vous pouvez faire valoir les droits suivants aupr\u00e8s de la personne responsable de la protection des donn\u00e9es.<\/p>\n\n\n\n<div id=\"link6\" style=\"position: absolute; margin-top: -10px;\"> <\/div>\n<p class=\"wow fadeInUp\" style=\"text-align: justify; margin-top: 30px;\"><strong>6. Responsabilit\u00e9<\/strong><br>Le responsable de la collecte, du traitement et de l\u2019utilisation de vos donn\u00e9es personnelles est:<br><br><strong>Allo Taxi S\u00e0rl.<\/strong><br>Route de Boson 62<br>1897 Les Evouettes, (vs)<br>SUISSE<\/p>\n\n\n\n<p>Le responsable de la collecte, du traitement et de l\u2019utilisation de vos donn\u00e9es personnelles est:<br>info@allotaxivs.ch<p class=\"wow fadeInUp\" style=\"text-align: justify; margin-top: 30px;\">Si vous souhaitez vous opposer \u00e0 la collecte, au traitement ou \u00e0 l\u2019utilisation de vos donn\u00e9es, int\u00e9gralement ou partiellement, par nous conform\u00e9ment \u00e0 ces dispositions de protection des donn\u00e9es, vous pouvez adresser votre requ\u00eate \u00e0 la personne responsable.<\/p>\n","protected":false},"excerpt":{"rendered":"<p>Adresse principale Table des mati\u00e8res Allo Taxi S\u00e0rl.Route de Boson 62,1897 Les Evouettes (VS), SuisseT\u00e9l: + 41 78 632 18 97info@allotaxivs.chRegistre du commerce: CHE-272.803.275 1. D\u00e9claration de confidentialit\u00e92. Traitement des donn\u00e9es personnelles3. Les donn\u00e9es que nous pr\u00e9levons directement4. Donn\u00e9es collect\u00e9es par des services tiers5. Vos droits en tant qu\u2019utilisateur de notre site6. Responsabilit\u00e9 1. D\u00e9claration [&hellip;]<\/p>\n","protected":false},"author":1,"featured_media":0,"parent":0,"menu_order":0,"comment_status":"closed","ping_status":"closed","template":"","meta":{"ngg_post_thumbnail":0,"footnotes":""},"class_list":["post-3","page","type-page","status-publish","hentry"],"aioseo_notices":[],"_links":{"self":[{"href":"https:\/\/www.allotaxivs.ch\/chablais\/wp-json\/wp\/v2\/pages\/3","targetHints":{"allow":["GET"]}}],"collection":[{"href":"https:\/\/www.allotaxivs.ch\/chablais\/wp-json\/wp\/v2\/pages"}],"about":[{"href":"https:\/\/www.allotaxivs.ch\/chablais\/wp-json\/wp\/v2\/types\/page"}],"author":[{"embeddable":true,"href":"https:\/\/www.allotaxivs.ch\/chablais\/wp-json\/wp\/v2\/users\/1"}],"replies":[{"embeddable":true,"href":"https:\/\/www.allotaxivs.ch\/chablais\/wp-json\/wp\/v2\/comments?post=3"}],"version-history":[{"count":4,"href":"https:\/\/www.allotaxivs.ch\/chablais\/wp-json\/wp\/v2\/pages\/3\/revisions"}],"predecessor-version":[{"id":5811,"href":"https:\/\/www.allotaxivs.ch\/chablais\/wp-json\/wp\/v2\/pages\/3\/revisions\/5811"}],"wp:attachment":[{"href":"https:\/\/www.allotaxivs.ch\/chablais\/wp-json\/wp\/v2\/media?parent=3"}],"curies":[{"name":"wp","href":"https:\/\/api.w.org\/{rel}","templated":true}]}}